. What is the highest common factor of 36 and x?
12
Suppose 0 = -2*h + 487 - 7. What is the highest common divisor of 15 and h?
15
Let g(h) = 11*h**2 - 116*h - 27. Let r be g(11). What is the highest common factor of 70 and r?
14
Let s = 13 - 8. Suppose 4*j - 15 = 9*j. Let f be (-670)/(-15) + (-1)/j. What is the greatest common factor of s and f?
5
Let a(y) = y**3 + 9*y**2 - 9*y + 12. Suppose -4*p = -p + 30. Let g be a(p). Let f be (0 - -20)/(g - 1). Calculate the greatest common factor of f and 20.
20
Let w(y) = y**3 + 37*y**2 - 53*y + 22. Let c be w(-38). Calculate the greatest common factor of 37 and c.
37
Let x = 43 - 41. Suppose 3*n - 981 = x*o - 7*o, -o - 4*n + 203 = 0. Calculate the greatest common divisor of 39 and o.
39
Let l(h) = h**3 + 9*h**2 - 9*h + 9. Let m be l(-10). Let j be m/(-5) - (-38)/10. Let v be 2 + (-146)/(j/(-2)). Calculate the greatest common factor of 30 and v.
15
Suppose 15 = -5*d, -5*c + 110*d = 114*d - 68. Let g be 13*5 + -1 + 0. Calculate the highest common divisor of c and g.
16
Suppose -b - 21 + 29 = 0. Suppose 0 = -a - b*a + 135. What is the greatest common divisor of 5 and a?
5
Suppose 0 = 3*o + 2*q - 160, 5*o + 5*q - 29 = 241. Calculate the highest common divisor of 91 and o.
13
Let q = -3 + 8. Suppose 0 - 10 = -q*d. Suppose s = 4*h + 142, 0 = -d*h + 6 + 4. Calculate the highest common divisor of 18 and s.
18
Let n(k) = 2*k**2 + 51*k + 37. Let g be n(-25). Calculate the highest common factor of g and 64.
4
Suppose -2*u + 0*u = -4. Let j be (-1 - -11)/(u/6). Let i be (-1)/2 - (-93)/6 - 3. What is the highest common divisor of j and i?
6
Let d = 27 - 5. Let n = 34 + -38. Let b be n - 7/((-28)/24). Calculate the highest common factor of b and d.
2
Let q be 462/(-30) - (-2)/5. Let v be (-2)/(q/(-4) + -4). Let i be (-169)/(-4) - 2/v. What is the highest common divisor of i and 14?
14
Suppose -3*c + 7 = p - 5, -3*c = -2*p + 42. Let n = 63 - 18. What is the greatest common factor of n and p?
9
Suppose -24 - 116 = -4*s - 5*h, -4*h - 44 = -2*s. What is the highest common divisor of 90 and s?
30
Let y = 4316 + -4298. Suppose 5*k - 229 = 4*f, k + 3*k - 182 = 2*f. What is the highest common divisor of y and k?
9
Let g = 20 + -17. Suppose 2*w + 15 = u, -3*w + 2 + 7 = g*u. Calculate the highest common factor of 42 and u.
7
Suppose 13*p + 1 = 833. Calculate the highest common factor of p and 448.
64
Let q(y) = 2*y - 38*y**2 - y - 2*y + 15*y**2. Let f be q(1). Let i be 2/3 + (-488)/f. Calculate the highest common divisor of 7 and i.
7
Let m be (8/6 + -1)/((-5)/(-240)). Calculate the highest common divisor of m and 264.
8
Let q = -144 + 671. Calculate the greatest common divisor of q and 34.
17
Suppose -4*y - 7 = -2*n - 15, -5*n = -3*y + 20. Let u = -38 - -14. Let l be (-810)/u + (-1)/n. What is the greatest common factor of 34 and l?
34
Suppose -3*g = 3*f - 306, -12*g + 12 = -9*g. What is the greatest common divisor of f and 1029?
49
Let c be -3*((-2)/3 - 3). Suppose 18*j = -29*j + 47. What is the highest common divisor of c and j?
1
Let k be 1080/(-630)*476/(-3). What is the highest common divisor of 34 and k?
34
Let w(m) = 33*m**2 + 1. Let c(u) = -u**3 + 11*u**2 - 2*u + 23. Let i be c(11). Let v be w(i). Calculate the greatest common divisor of v and 136.
34
Let x(l) = 2 - 21 - 3*l - 13*l + 2*l. Let c be x(8). Let t = -83 - c. Calculate the highest common factor of t and 32.
16
Let g(u) = u**3 + 47*u**2 + 48*u + 136. Let d be g(-46). What is the highest common factor of d and 352?
44
Suppose 7*k - 61 + 509 = 0. Let i be (-13296)/k + (-2)/(-8). What is the greatest common factor of 16 and i?
16
Suppose 3*n + 2*k = 228, 384 + 12 = 5*n - 2*k. What is the highest common divisor of n and 1131?
39
Let b be 4 + 2 - 264/(-12). Calculate the highest common factor of 308 and b.
28
Suppose -5*y - q + 775 = 0, -2*y + 259 = 2*q - 59. Let v = 1 + -4. Let g be y*(3 + (v - -1)). What is the highest common divisor of g and 14?
14
Let j(l) = -l**2 + 13*l + 50. Let p be j(16). Let w be (-11)/(11/p) - -9. What is the greatest common factor of 14 and w?
7
Let p = 185 - 183. Calculate the highest common factor of p and 8.
2
Let l be 80*-9*5/(-90). What is the highest common divisor of 440 and l?
40
Suppose -7*r - 48 = -13*r. Let z be ((-351)/(-6))/((-1)/(-6)). Suppose 5*n + 3*q - 179 = 3*n, 4*n - q = z. What is the highest common factor of n and r?
8
Let f be 3 - (0 - (-2)/1). What is the greatest common factor of f and 20?
1
Let z = 27 - 42. Let o = 19 + z. What is the greatest common divisor of 10 and o?
2
Let u = 53 + -51. Suppose u*j = 6*j - 4. What is the highest common divisor of j and 2?
1
Let u be 5*2/(-5)*-2. Suppose -48 = -6*g + u*g. Let r be -4*3/(-6) + g. Calculate the greatest common divisor of r and 39.
13
Let t = -47 - -83. Suppose -5*x + 2*x + t = 0. What is the highest common factor of x and 84?
12
Let y be (-1)/(1/60 - 0). Let f be (13/(-26))/(2/y). Calculate the greatest common factor of f and 135.
15
Let u(j) = 2*j**3 - j**2 - 2*j - 5. Let x be u(4). Suppose 4*o = 275 - x. Calculate the greatest common divisor of o and 66.
22
Let q(l) = 3*l**2 + 4*l - 3. Let b be q(3). Suppose 8*t + 357 = 453. Calculate the greatest common factor of t and b.
12
Let b be (12/(-18))/(2/12). Let d = b + 9. Suppose -91 = -d*p - 11. What is the highest common factor of p and 4?
4
Let i(b) = 66*b + 45. Let l be i(1). What is the highest common factor of 185 and l?
37
Let k be 1 + 173 + -6 - 0/3. Let l(j) = 4*j + 1. Let w be l(5). Calculate the greatest common factor of w and k.
21
Let v = -125 + 302. What is the greatest common divisor of 118 and v?
59
Let y(s) = 29*s - 204. Let z be y(22). Calculate the highest common divisor of 56 and z.
14
Let i be (8/(-6))/((-17)/(28509/52)). What is the highest common factor of 688 and i?
43
Let t(v) = v + 28. Let o be t(10). Let i = 17 - -21. Suppose i = u + u. Calculate the highest common factor of o and u.
19
Let p(b) = -b**2 + 2*b + 21. Let h be p(0). Suppose -194 = -5*a - 179. Calculate the highest common divisor of h and a.
3
Let u(y) = -4*y**2 + 26*y - 12. Let h be u(8). Let q be (36/(-14))/(h/280). Calculate the highest common divisor of q and 30.
6
Suppose 0*x - u - 9 = -x, 5*x - 24 = -2*u. Calculate the highest common divisor of 102 and x.
6
Suppose -3*v - 5*s = -0*s - 754, -v + 266 = -2*s. Calculate the greatest common factor of 6 and v.
6
Suppose 0 = 4*w + 16, 41 = 2*q - 5*w + 13. Suppose -203 = -q*c - 3*o, 4*c - o - 3*o - 168 = 0. Calculate the highest common divisor of 141 and c.
47
Suppose -4*h + 636 + 1364 = 0. Calculate the highest common factor of h and 20.
20
Let u(c) = -c**3 + 4*c**2 - 5*c + 11. Let f be u(6). Let b = 108 + f. What is the highest common divisor of b and 119?
17
Let h = -1942 + 2857. What is the greatest common divisor of 15 and h?
15
Suppose 153 = -2*n - 4*c + 2679, -5*c - 2571 = -2*n. What is the highest common divisor of 38 and n?
19
Suppose 55 = -3*d - 8. Let q be d/(-4)*8/3. Let c = 51 + -30. Calculate the greatest common divisor of q and c.
7
Suppose 0 = -2*q + 313 + 327. Let a be q/(-12)*(60/8)/(-5). Calculate the highest common factor of 16 and a.
8
Let r(p) be the first derivative of -3*p**4/2 - 4*p**3/3 - p**2 + 21. Let z be r(-1). What is the greatest common divisor of 1 and z?
1
Let m be (-4)/12 + 2/6. Suppose m*u = -4*u + 36. Let b = 11 - u. What is the highest common divisor of 5 and b?
1
Let y = -774 - -818. Calculate the greatest common divisor of y and 484.
44
Suppose -3*o + 3*x + 235 - 94 = 0, 0 = -2*o + 5*x + 109. Let k = -5 + 7. Suppose -k*n + 6 = -n. What is the greatest common divisor of n and o?
6
Suppose 79 = m - 4*c, 2*m - 3*c + 7*c - 218 = 0. Let n(a) = a**3 + 8*a**2 - 11*a + 15. Let g be n(-9). Calculate the highest common divisor of m and g.
33
Let k(y) be the first derivative of -5*y**2/2 + 6*y + 8. Let l be k(-6). What is the greatest common divisor of l and 9?
9
Let c = 16 + -13. Suppose -x = -0*x - c*l - 23, -x + 30 = 4*l. Let w = 220 + -142. What is the greatest common factor of w and x?
26
Let c be (-1)/(-2) + 10/(-20) + -8. Let v be 5 + (2 - c*2). Calculate the highest common factor of v and 207.
23
Suppose -4*u + 125 + 19 = 0. Suppose 6 = 2*i - s + 3*s, -2*i + u = -4*s. What is the highest common factor of 56 and i?
8
Suppose -980 - 